0305?
True
Is 292316128 a multiple of 34?
False
Is 114206185 a multiple of 5?
True
Is 29 a factor of 229145356?
True
Is 3948941689 a multiple of 899?
False
Is 244610667 a multiple of 9?
True
Is 238 a factor of 11394254?
False
Is 11 a factor of 94118295?
False
Is 51 a factor of 707571399?
True
Does 18 divide 12957552?
True
Does 52 divide 80125627?
False
Is 1544512132 a multiple of 284?
True
Is 663259994 a multiple of 2801?
True
Does 29 divide 9032274?
False
Is 6 a factor of 1418326822?
False
Is 170 a factor of 1376320?
True
Does 44 divide 442906310?
False
Is 449 a factor of 25945171?
False
Is 14645718 a multiple of 2?
True
Is 36 a factor of 242283996?
True
Is 446075559 a multiple of 3410?
False
Does 4 divide 1448382541?
False
Does 2 divide 14676230?
True
Is 18272423 a multiple of 7?
False
Is 33925503 a multiple of 2223?
False
Is 142623510 a multiple of 3210?
True
Does 1134 divide 516736584?
True
Is 21387033 a multiple of 40?
False
Is 522869875 a multiple of 2374?
False
Is 6191388 a multiple of 260?
False
Is 483 a factor of 891310372?
False
Is 2255088782 a multiple of 52?
False
Does 36 divide 3322384142?
False
Is 10 a factor of 23586994?
False
Is 12 a factor of 40948920?
True
Does 4518 divide 1621661191?
False
Is 49 a factor of 1623152850?
False
Is 492039080 a multiple of 10?
True
Does 99 divide 5097312?
True
Is 931298217 a multiple of 781?
False
Is 10 a factor of 9706882?
False
Is 1508714072 a multiple of 3404?
True
Does 91 divide 62453791?
False
Is 1217 a factor of 2337465811?
False
Does 199 divide 148719267?
True
Does 1356 divide 59021940?
False
Is 290186901 a multiple of 199?
False
Is 444 a factor of 360863431?
False
Is 373185044 a multiple of 563?
False
Is 1811 a factor of 83479856?
True
Is 56 a factor of 22252361?
False
Is 13494981 a multiple of 75?
False
Is 31461646 a multiple of 337?
True
Does 113 divide 34605233?
True
Is 399 a factor of 89702781?
True
Does 49 divide 613437860?
True
Is 58 a factor of 14084285?
False
Is 1076292640 a multiple of 1718?
True
Is 77600498 a multiple of 696?
False
Does 28 divide 221873064?
True
Does 10 divide 50653440?
True
Does 730 divide 193320932?
False
Is 139125407 a multiple of 181?
False
Is 32732656 a multiple of 7?
False
Is 128447322 a multiple of 2697?
True
Does 1535 divide 125009793?
False
Does 703 divide 17509621?
True
Is 1500 a factor of 47476500?
True
Does 2 divide 11896552?
True
Is 168 a factor of 21627717?
False
Is 60165552 a multiple of 912?
True
Is 49122532 a multiple of 37?
True
Is 5509976 a multiple of 204?
False
Is 8 a factor of 324908997?
False
Is 40716300 a multiple of 100?
True
Is 1319 a factor of 1839602042?
False
Is 681275908 a multiple of 4?
True
Is 6976731 a multiple of 83?
True
Is 3083 a factor of 128366771?
False
Does 6 divide 10374996?
True
Is 3762927 a multiple of 767?
False
Is 43 a factor of 249809446?
True
Is 97 a factor of 1322013?
True
Does 16 divide 130043600?
True
Does 890 divide 35513670?
True
Is 2162 a factor of 520704728?
True
Is 43 a factor of 374291823?
True
Does 39 divide 197100306?
True
Is 198600458 a multiple of 847?
False
Does 6833 divide 941819349?
False
Is 12 a factor of 133115208?
True
Is 52817213 a multiple of 425?
False
Is 16 a factor of 4412400?
True
Is 161571608 a multiple of 1460?
False
Is 95 a factor of 132479020?
True
Is 213 a factor of 286538474?
False
Does 13 divide 328733236?
True
Is 19859175 a multiple of 9?
True
Is 131039276 a multiple of 19?
True
Does 73 divide 365999662?
True
Does 1256 divide 131698789?
False
Does 8 divide 2452396328?
True
Does 6 divide 58290828?
True
Does 29 divide 210230678?
False
Is 17016570 a multiple of 71?
True
Is 11775560 a multiple of 680?
True
Is 1100 a factor of 2952624672?
False
Is 45 a factor of 161814029?
False
Does 59 divide 57302530?
False
Is 83294899 a multiple of 12?
False
Is 71948985 a multiple of 2155?
True
Is 37224657 a multiple of 19?
False
Is 49926304 a multiple of 488?
True
Does 93 divide 265895277?
True
Does 3927 divide 61830734?
False
Is 15 a factor of 3696060?
True
Does 1755 divide 41059980?
True
Is 777336593 a multiple of 74?
False
Is 897 a factor of 7027995?
True
Is 25530802 a multiple of 11?
True
Is 209 a factor of 71444829?
False
Does 22 divide 375585958?
True
Is 48688847 a multiple of 18?
False
Is 306 a factor of 63422328?
False
Is 154731667 a multiple of 55?
False
Is 43142514 a multiple of 62?
True
Is 247029354 a multiple of 26?
True
Is 764 a factor of 84319701?
False
Does 64 divide 21025728?
True
Does 539 divide 15343713?
True
Is 16452858 a multiple of 177?
True
Is 525 a factor of 93072525?
True
Does 27 divide 298322086?
False
Is 17578192 a multiple of 53?
True
Is 25884175 a multiple of 963?
False
Is 37 a factor of 18998533?
False
Does 3 divide 5234853?
True
Is 26161326 a multiple of 1614?
True
Is 191321832 a multiple of 1963?
True
Is 3187 a factor of 40292117?
False
Does 1001 divide 29178799?
False
Is 27131706 a multiple of 39?
False
Does 5 divide 27109714?
False
Is 335971428 a multiple of 2418?
True
Does 5915 divide 2214576000?
True
Is 779 a factor of 39814298?
False
Is 472 a factor of 109739528?
True
Is 167 a factor of 349269460?
False
Is 446280345 a multiple of 63?
True
Does 25 divide 22035056?
False
Does 14 divide 26739122?
False
Does 402 divide 34906970?
False
Does 2181 divide 30143872?
False
Is 7769486 a multiple of 328?
False
Does 648 divide 200309037?
False
Is 135223243 a multiple of 1014?
False
Does 1964 divide 146202124?
True
Does 903 divide 12853994?
False
Does 116 divide 1441818?
False
Is 19149582 a multiple of 36?
False
Is 12 a factor of 1842852?
True
Is 46 a factor of 9073224?
True
Is 104 a factor of 48239987?
False
Is 24 a factor of 3608688?
True
Does 577 divide 225168124?
False
Is 1990 a factor of 650645040?
False
Does 150 divide 13693050?
True
Is 30079500 a multiple of 1823?
True
Is 3 a factor of 264267408?
True
Does 3 divide 7893536?
False
Is 140 a factor of 768544420?
True
Is 33 a factor of 22674787?
False
Is 14411460 a multiple of 3?
True
Is 2417971692 a multiple of 46?
True
Is 585 a factor of 1020447675?
True
Is 5608734 a multiple of 54?
False
Is 12 a factor of 2846760?
True
Does 45 divide 383200695?
True
Is 343683712 a multiple of 25?
False
Does 1090 divide 122800114?
False
Is 49 a factor of 3212939?
False
Does 257 divide 601818191?
False
Is 128 a factor of 62777720?
False
Does 152 divide 382764424?
True
Does 21 divide 981214232?
False
Is 24 a factor of 115116177?
False
Is 5002 a factor of 432287846?
True
Is 187 a factor of 145154075?
True
Does 655 divide 143789530?
True
Is 363 a factor of 153403191?
False
Is 1538 a factor of 486445372?
False
Is 971992 a multiple of 119?
True
Does 103 divide 320945322?
True
Is 45771540 a multiple of 2157?
True
Is 1683591564 a multiple of 1234?
False
Does 351 divide 72128043?
True
Is 3 a factor of 28443555?
True
Is 1801370960 a multiple of 5173?
False
Is 89 a factor of 8200960?
False
Is 18 a factor of 39930030?
True
Is 11 a factor of 1966923739?
True
Does 12 divide 79383120?
True
Is 548 a factor of 4495244?
True
Does 17 divide 193785390?
False
Does 30 divide 99283740?
True
Does 177 divide 940874121?
True
Is 2113207 a multiple of 249?
False
Is 1818 a factor of 617711033?
False
Does 19 divide 3119253?
False
Is 90 a factor of 2712600?
True
Is 37 a factor of 101874858?
False
Is 125047962 a multiple of 44?
False
Is 232707534 a multiple of 22?
False
Is 798374550 a multiple of 410?
True
Does 115 divide 3938693535?
True
Does 19 divide 3152356386?
True
Is 45 a factor of 431659485?
True
Is 31926276 a multiple of 127?
True
Is 4 a factor of 29205932?
True
Is 1117 a factor of 68910702?
False
Is 3606 a factor of 175024798?
False
Does 51 divide 123622249?
False
Is 2728 a factor of 70456056?
True
Is 711625240 a multiple of 3401?
True
Is 12213183 even?
False
Is 73322580 a multiple of 10?
True
Is 6253167 a multiple of 6?
False
Is 13988 a factor of 5435065376?
True
Is 1102627146 a multiple of 1542?
True
Is 49 a factor of 2648913392?
False
Is 606 a factor of 59958852?
True
Is 32834151 a multiple of 86?
False
Is 27 a factor of 886582258?
False
Is 1502072 a multiple of 8?
True
Is 18 a factor of 48148633?
False
Is 48054621 a multiple of 803?
False
Is 151945014 a multiple of 663?
True
Is 1060109300 a multiple of 50?
True
Is 13689907 a multiple of 760?
False
Is 7898